u**2. Let h(p) be the second derivative of f(p). Calculate h(-8).
2
Let p = -313 + 468. Suppose a + p = 4*n, -2*a - 281 = -5*n - 85. Let q = n - 40. Let l(t) = -5*t. Give l(q).
10
Suppose -o - 2 = 2*y, -24 = 72*y - 76*y + 5*o. Let w(q) = -17*q**2 - q - 1. What is w(y)?
-19
Let f(l) = -5*l + 26. Suppose -5*o + 3*w = -14 - 17, -4*o = -3*w - 26. Give f(o).
1
Let y(b) be the second derivative of b**5/20 + b**4/3 - 5*b**3/6 - 3*b**2 + 40*b. Suppose 4*c - 40 = 5*z, -3*z + 4 = 4*c - 4. Determine y(z).
14
Let l(a) = -2*a - 4*a - 1256 - 1253 + 2516 + 0*a. What is l(8)?
-41
Suppose 7 + 5 = -3*y. Let l be (y - -7)/((-3)/(-4)). Let x(d) = -6*d - 2*d**3 + 2*d**3 - 4*d**2 + 2*d**2 + 2*d + d**3 - 4. What is x(l)?
12
Suppose 4 = -4*g, -5*g = 2*i - 2 + 1. Let o(u) = 5 - 4 + 4*u + i - 6*u. Suppose 226*q + 23*q - 228 = -975. Determine o(q).
10
Let s(v) = 2*v**2 - 25*v + 17. Let k be 375/500*4/5 + 94/10. Give s(k).
-33
Let q(n) be the second derivative of 5*n**4/3 + n**3/2 - 3*n**2/2 + 3*n + 60. What is q(1)?
20
Let p(v) = 19*v**2 - 202*v + 17. Let o(j) = -8*j**2 + 86*j - 8. Let z(l) = -7*o(l) - 3*p(l). Suppose 5*d = 2*d + 12. Determine z(d).
5
Let j(v) = 27*v**2 + 14*v + 9. Let m(t) = 299*t**2 + 164*t + 101. Let n(i) = 23*j(i) - 2*m(i). Calculate n(2).
85
Suppose -16*u + 12*u = 16. Let l be 2/(-5)*10/u*2. Let t(j) = -j**3 + 4*j**2 - 4*j + 2. Give t(l).
2
Let m(v) be the third derivative of -v**4/4 - 7*v**3/2 + v**2 + 184. Give m(12).
-93
Let f(p) = 5*p**2 - 5*p + 81. Let l(k) = -13*k**2 + 10*k - 205. Let r(v) = 5*f(v) + 2*l(v). Suppose -33 = 3*a - 0*a. Let g = a - -7. Give r(g).
-1
Let g(q) = -2*q**3 - 2*q + 4*q**2 + 3*q**3 + 21 - 38 - 2*q + 18. What is g(-6)?
-47
Let k(c) = 15 - 786*c**2 + 380*c**2 + 407*c**2 + 11 + 13*c. Calculate k(-8).
-14
Suppose -11 = -4*m + 5. Suppose -d = 5*j + 3*d - 51, m*j - 48 = -5*d. Let u(q) = -3*q**2 + j*q + 4*q**2 + 90 - 87. Give u(-7).
3
Let m = -14943 + 14927. Let t(d) = d**3 + 16*d**2 + d + 9. Calculate t(m).
-7
Suppose 14*d - 13*d - 22 = 0. Let v be (-8 - d)/((-3)/(-2)). Let h = 18 + v. Let x(c) = c**2 + 3*c + 1. Give x(h).
-1
Suppose 4*m - 4 = -12, 0 = k - 2*m + 8. Let x be k/(-9)*15/20. Suppose -l + 3*u = -x, 3*l + l = 2*u + 24. Let j(r) = -r. Give j(l).
-7
Let g(n) be the second derivative of n**4/12 - n**3/6 + 2*n**2 + 3*n. Suppose -9*a = 9*a + 162. Let i(r) = -r**2 - 6*r + 27. Let w be i(a). What is g(w)?
4
Let n(g) = -662 + 115 - 12*g + 146 + 104 + 121. Calculate n(-13).
-20
Let x(i) = 5*i + 9. Suppose -9*n + 11*n - 60 = 0. Let v be 208/260*n/(-4). Calculate x(v).
-21
Let j(s) be the first derivative of -7*s**3/3 + 27*s**2/2 - 27*s + 2374. Give j(1).
-7
Let d be 2/(-8) - (-37)/4. Let t(g) = 2589880*g**2 - 4 - 10*g + g**3 + 2589880*g**2 - 4 - 5179768*g**2. Give t(d).
-17
Let v(d) be the second derivative of -d**5/20 - 7*d**4/12 + 4*d**3/3 - 2*d**2 - 8*d + 29. What is v(-8)?
-4
Let c(w) = -w + 1. Let h = 3 - -5. Let j(u) = -h - 12*u + 10*u + 4*u + 0. Let i(z) = -4*c(z) - j(z). What is i(-3)?
-2
Let g(j) be the third derivative of 7*j**4/24 - j**3/3 - 1167*j**2. What is g(1)?
5
Let t(n) be the first derivative of 5*n**2/2 - 9*n - 91. Let f = 81 + -79. Give t(f).
1
Let o(g) = -5 - 141*g**3 + 2*g**2 + 142*g**3 - 12 - 10*g. Let v be o(-2). Let d(x) = x**3 - 4*x**2 + 2*x + 4. Give d(v).
1
Suppose 34*g = 32*g + 16. Suppose 0 = -3*z - 5*x + g, z + x - 8 = 2*z. Let d(v) = -v**3 - 5*v**2 - 3*v + 3. Determine d(z).
-1
Let y be -3*-34*(5 - 1/2). Let v = y - 453. Let t(s) = -s**3 + 6*s**2 - 4. Give t(v).
-4
Let u(g) = g**2 + 4*g + 2. Suppose 0 = -v + 4*v + 18. Let h(x) = -x**3 - 5*x**2 - 11. Let t be h(v). Suppose -66*n = -61*n + t. Calculate u(n).
7
Suppose -3 = -5*u + 32. Let s(q) = 14*q - 2 + q**2 - u*q - 6. Let b be 5*(-6 + (414/15)/6). What is s(b)?
-8
Let p(b) = 272*b**2 + 264*b**2 - 799*b**2 + 22*b + 262*b**2 - 105. Give p(11).
16
Let h(u) = 7*u - 3. Let v(x) = -2*x + 1. Let z(t) = 3*h(t) + 8*v(t). Let c(g) = -2*g**2 + 46*g - 237. Let l be c(15). Calculate z(l).
14
Let q(z) = -2*z**2 - 1 + 5*z**2 + 4*z**2. Let o(s) = -2*s**2 - 339*s - 3189. Let c be o(-10). What is q(c)?
6
Let s(d) = -2*d**2 - 32*d + 24. Let a(q) = q**3 + 11*q**2 - 46*q - 73. Let g be a(-14). Give s(g).
-10
Let z(p) be the first derivative of -p**3/3 - 3*p**2 + 3*p + 90. Let c(q) = -2*q**2 - 2*q + 5. Let f be c(2). Determine z(f).
-4
Suppose -2*t = 3*i + 1, 4*i = -i + 2*t - 23. Let h(r) = -53*r**2 + 26*r. Let b(c) = -20*c**2 + 9*c. Let q(s) = -8*b(s) + 3*h(s). Give q(i).
-9
Suppose 3*g - 7*g = -64. Suppose 17*f = g*f - 34. Let r be (f/8 - -5)/((-1)/(-4)). Let h(u) = -3*u + 4. Determine h(r).
-5
Let t = -9911 - -9937. Let h(k) = -k**3 + 29*k**2 - 80*k + 52. Determine h(t).
0
Let z be (22/(-5) - 3/5) + 8. Let g(f) = 5*f - f**z + 25 + 34 - 61 - 4*f**2. Determine g(-5).
-2
Let m be (-4)/(-8)*13*2. Let s(d) = -3 + m*d - 8*d**2 + 5 - 14*d - 2*d**2 + d**2. Give s(-2).
-32
Let j(x) = 4*x**2 + 11 + 1084*x - 2*x**2 - 1084*x. What is j(3)?
29
Let a(p) = -3*p - 6. Let o(k) = -2*k - 4. Let r be (-1 + 0)/(7/(-28)). Let l(m) = r*o(m) - 3*a(m). Let u = -17 - -14. Determine l(u).
-1
Let p = -17944 - -17922. Let x(v) = -5*v - 78. What is x(p)?
32
Let t(g) = -7*g + 4*g - 10*g + 24*g + 15*g - 1. Suppose -5*j - 20*j = -25. Give t(j).
25
Let m(d) be the second derivative of d**6/720 + 7*d**5/120 - 199*d**4/12 - 34*d. Let u(f) be the third derivative of m(f). Determine u(-5).
2
Suppose -n = -5 - 6. Let y(a) = -a**2 + 3*a + 3*a + 76*a - 69*a - 13. What is y(n)?
9
Let g(z) = -z**3 - 9*z**2 - 10*z - 15. Let p = 5089 + -5097. Calculate g(p).
1
Let v(a) = a**2 - 22*a - 38. Let t be v(22). Let n be ((-5)/15)/((-2)/(-222)). Let i = t - n. Let g(z) = -6*z**3 - 2*z**2 - 2*z - 1. Give g(i).
5
Let a = 17 + -22. Let m(l) = 3*l**2 + 11*l - 8*l - 15 - 5*l**2 - 3*l**2. Let f(r) = 2*r**2 - r + 5. Let s(q) = 8*f(q) + 3*m(q). Calculate s(a).
15
Let j(o) be the second derivative of -o**5/20 + o**4/2 - 29*o**3/6 + 171*o**2/2 - 7683*o. Calculate j(6).
-3
Let o(n) = -n + 13. Let t be o(11). Let u(a) = -6 + 0*a**3 + 7*a + a**t - 7*a**2 - a**2 + a**3. Let c be (-45)/(-25)*20/6. Calculate u(c).
0
Let g(x) be the third derivative of x**5/60 - x**4/12 + x**3/6 + 80*x**2. Let j(k) = 4*k**2 - 17*k. Let c(l) = -5*g(l) + j(l). Calculate c(-6).
1
Let i(m) = -5*m**2 - m + 8. Let k be (-226)/113 - 4/(-6)*6 - 5. Calculate i(k).
-34
Let j(a) be the first derivative of -7*a**2/2 + 11*a - 1131. Give j(-3).
32
Let d(t) be the third derivative of t**5/60 + 23*t**4/24 + 5*t**3/6 + 1502*t**2. What is d(-23)?
5
Let l be (-9)/6*(-96)/9. Let b = -12 + l. Let v(x) = 4 - 9*x + x**2 + 12*x - 2*x**2. Give v(b).
0
Suppose -1 = 3*w + 29. Let m(f) be the first derivative of -5*f**2/2 - 11*f - 183704. What is m(w)?
39
Suppose -5*t + 8 = -t. Let q(x) be the first derivative of 0*x**3 + 1/4*x**4 + 8 + 2*x - 3/2*x**2. What is q(t)?
4
Suppose -83*k = -52*k + 372. Let s(w) = -6*w - 71. What is s(k)?
1
Let t(l) = 19*l - 20. Let o be t(1). Let i be 24/(-32) - 6/(-8). Let c(y) = i*y + 8*y - y - y. Give c(o).
-6
Let a(c) = c**2 - c - 4. Let y(i) be the second derivative of -i**4/6 - 4*i**3/3 + 7*i**2/2 - 2*i + 15. Let s be y(1). Determine a(s).
8
Let t(f) = -f**2 + 41*f - 262. Let q be t(8). Let w(p) be the first derivative of p**3/3 + p + 3. Give w(q).
5
Let m(l) = l**2 - 7*l + 23. Suppose -48*q + 337 + 6 = q. Give m(q).
23
Suppose 5*m + 161 - 156 = 0. Let w(z) = 8*z**3 + 2*z**2 - 3*z + 3. Let a(x) = x**3 + x**2 - x + 1. Let r(q) = m*w(q) + 3*a(q). What is r(-1)?
6
Suppose 4*q + 4*b = 200, -q = 3*b - 673 + 609. Let k(v) = v**3 - 42*v**2 - 38*v - 177. Give k(q).
38
Suppose -2*x - 6 = -3*t, -11 = -3*x - t - 9. Suppose -5*a + 29 = z + 8, x = -3*z - 4*a + 19. Let q(o) = -2*o**3 - o**2 + 2*o - 1. Determine q(z).
-2
Let l be ((-8)/(-3)*-6)/(-2). Let f(p) = 3*p - 10. Let y be f(4). Let c(g) = 0 - l*g + 120*g**2 - 121*g**2 - y. What is c(-6)?
10
Let w(r) = 3*r - r**3 - 8*r**2 - 947 + 5*r**3 + 944. What is w(3)?
42
Let k(u) = u**3 - 7*u**2 - 7*u + 3. Let f(x) = x**3 + 21*x**2 + 8. Let t be f(-21). Determine k(t).
11
Let r(n) = 70*n - 4*n - 99*n**3 + 100*n**3 - 98 - 33*n**2. Determine r(31).
26
Let c(j) = -19*j - 8*j + j**2 + 47*j - 11 - 22*j - 2*j**2. Determine c(-6).
-35
Let h(m) = -5*m**2 + 6*m - 37 + 78 - 46 + 3*m**2. Let l(s) = -s - 3. Let i b